{"id":2,"date":"2022-03-01T13:01:38","date_gmt":"2022-03-01T13:01:38","guid":{"rendered":"http:\/\/box5237\/cgi\/addon_GT.cgi?s=GT::WP::Install::EIG+%28maryamlo%29+-+10.0.87.66+%5BWordpress%3b+\/var\/hp\/common\/lib\/Wordpress.pm%3b+543%3b+Hosting::gap_call%5D\/?page_id=2"},"modified":"2022-03-09T10:03:50","modified_gmt":"2022-03-09T10:03:50","slug":"sample-page","status":"publish","type":"page","link":"https:\/\/monorthophoniste.online\/?page_id=2","title":{"rendered":"Conditions et fonctionnement"},"content":{"rendered":"\n<p><mark style=\"background-color:rgba(0, 0, 0, 0)\" class=\"has-inline-color has-ast-global-color-1-color\">\u00a0<strong>Fonctionnement des s\u00e9ances d&rsquo;orthophonie\u00a0<\/strong><\/mark><\/p>\n\n\n\n<p>&#8211; Note d&rsquo;information \u00e0 destination des parents-\u00a0<\/p>\n\n\n\n<p>Nous vous remercions de la confiance que vous nous t\u00e9moignez en nous confiant votre enfant.&nbsp;<\/p>\n\n\n\n<p>L&rsquo;orthophoniste s&rsquo;engage \u00e0 proposer un accompagnement de qualit\u00e9 pour chaque enfant.&nbsp;<\/p>\n\n\n\n<p>Pour cela, le th\u00e9rapeute \u00e9tablit un bilan mettant en \u00e9vidence les potentialit\u00e9s, les difficult\u00e9s, les raisons de ces difficult\u00e9s, et proposera des objectifs th\u00e9rapeutiques.&nbsp;<\/p>\n\n\n\n<p>L&rsquo;orthophoniste s\u2019engage \u00e0 mettre en oeuvre un plan de soins personnalis\u00e9 et adapt\u00e9 \u00e0 chaque enfant afin d\u2019atteindre ces objectifs.&nbsp;<\/p>\n\n\n\n<p><strong><mark style=\"background-color:rgba(0, 0, 0, 0)\" class=\"has-inline-color has-ast-global-color-1-color\">Et vous ?\u00a0<\/mark><\/strong><\/p>\n\n\n\n<p>Votre adh\u00e9sion aux moyens th\u00e9rapeutiques mis en oeuvre est essentielle pour la r\u00e9ussite de la prise en charge de votre enfant. Dans le cas o\u00f9 les moyens ne sont pas mis en oeuvre pour atteindre les objectifs de la r\u00e9\u00e9ducation orthophonique, le th\u00e9rapeute se r\u00e9serve le droit de mettre fin \u00e0 la prise en charge. Il s\u2019agit, par exemple, du non-respect des recommandations de l&rsquo;orthophoniste concernant la fr\u00e9quence des RDV (suivi trop irr\u00e9gulier), ou d&rsquo;un investissement de la part des familles jug\u00e9 insuffisant. La famille du patient peut \u00e9galement refuser le plan de soin et la prise en charge et d\u00e9cider d&rsquo;arr\u00eater les s\u00e9ances. Par ailleurs, pour le bien-\u00eatre de l&rsquo;enfant et pour une bonne prise en charge, nous vous demandons de bien vouloir respecter les r\u00e8gles suivantes, qui s\u2019appliquaient d\u00e9j\u00e0 mais qui ont \u00e9t\u00e9 formalis\u00e9es sur papier pour plus de clart\u00e9.&nbsp;<\/p>\n\n\n\n<p><strong><mark style=\"background-color:rgba(0, 0, 0, 0)\" class=\"has-inline-color has-ast-global-color-1-color\">Fonctionnement par cr\u00e9neaux\u00a0<\/mark><\/strong><\/p>\n\n\n\n<p>\u2022Les s\u00e9ances d&rsquo;orthophonie ont lieu chaque semaine le m\u00eame jour, \u00e0 la m\u00eame heure de mani\u00e8re pr\u00e9sentielle ou par vid\u00e9o-conf\u00e9rence.&nbsp;<\/p>\n\n\n\n<p>\u2022La dur\u00e9e d&rsquo;une s\u00e9ance est de 45mn.&nbsp;<\/p>\n\n\n\n<p>\u2022En cas de changement d&#8217;emploi du temps des parents, de l&rsquo;enfant, et\/ou de l&rsquo;orthophoniste, le cr\u00e9neau pourra \u00eatre modifi\u00e9 selon les disponibilit\u00e9s de chacun.&nbsp;<\/p>\n\n\n\n<p><strong><mark style=\"background-color:rgba(0, 0, 0, 0)\" class=\"has-inline-color has-ast-global-color-1-color\">Retard\u00a0<\/mark><\/strong><\/p>\n\n\n\n<p>\u2022En cas de retard d&rsquo;un patient, la s\u00e9ance se terminera \u00e0 l&rsquo;heure pr\u00e9vue afin de ne pas perturber les rendez-vous des patients suivants.&nbsp;<\/p>\n\n\n\n<p>\u2022En cas de retard de l\u2019orthophoniste, la dur\u00e9e de la s\u00e9ance sera maintenue \u00e0 45 minutes.&nbsp;<\/p>\n\n\n\n<p><strong><mark style=\"background-color:rgba(0, 0, 0, 0)\" class=\"has-inline-color has-ast-global-color-1-color\">Annulations et absences\u00a0<\/mark><\/strong><\/p>\n\n\n\n<p><strong>\u2022Les annulations de rendez-vous sont possibles jusqu&rsquo;\u00e0 24h avant la s\u00e9ance.&nbsp;<\/strong><\/p>\n\n\n\n<p><strong>\u2022Toute annulation tardive et absence non-pr\u00e9vue sera factur\u00e9e.&nbsp;<\/strong><\/p>\n\n\n\n<p><mark style=\"background-color:rgba(0, 0, 0, 0)\" class=\"has-inline-color has-ast-global-color-1-color\">Tarifs:\u00a0<\/mark><\/p>\n\n\n\n<p><strong>*Les consultations sont factur\u00e9es \u00e0 l\u00b4avance du 1 au 5 de chaque mois.&nbsp;<\/strong><\/p>\n\n\n\n<p><strong>*Le paiement du bilan orthophonique s\u2019effectue avant la s\u00e9ance du bilan.&nbsp;<\/strong><\/p>\n\n\n\n<p>\u2022Consultation pour r\u00e9\u00e9ducation orthophonique : 50 euros.&nbsp;<\/p>\n\n\n\n<p>\u2022Prix du bilan orthophonique : initial 150 euros&nbsp;<\/p>\n\n\n\n<p>\u2022Forfait d\u00e9placement de l\u2019orthophoniste pour une r\u00e9union ext\u00e9rieure (ex: r\u00e9union&nbsp;<\/p>\n\n\n\n<p>p\u00e9dagogique au Lyc\u00e9e Fran\u00e7ais : 30 euros. Si la r\u00e9union se d\u00e9roule par vid\u00e9o-conf\u00e9rence le prix est de 20 euros.&nbsp;<\/p>\n\n\n\n<p>\u2022Consultation \u00e0 l&rsquo;ext\u00e9rieur en pr\u00e9sence de l&rsquo;enfant (ex: s\u00e9ance d&rsquo;observation dans l&rsquo;\u00e9cole de l&rsquo;enfant) : m\u00eame tarif qu&rsquo;une consultation classique.&nbsp;<\/p>\n\n\n\n<p>*Les prises de contact avec les professionnels qui collabore avec l\u00b4enfant par t\u00e9l\u00e9phone ou par mail sont gratuites.&nbsp;<\/p>\n\n\n\n<p>Nous restons \u00e0 votre disposition si vous avez des questions et pour \u00e9changer avec vous.&nbsp;<\/p>\n\n\n\n<p><strong>\u00a0<\/strong><\/p>\n","protected":false},"excerpt":{"rendered":"<p>\u00a0Fonctionnement des s\u00e9ances d&rsquo;orthophonie\u00a0 &#8211; Note d&rsquo;information \u00e0 destination des parents-\u00a0 Nous vous remercions de la confiance que vous nous t\u00e9moignez en nous confiant votre enfant.&nbsp; L&rsquo;orthophoniste s&rsquo;engage \u00e0 proposer un accompagnement de qualit\u00e9 pour chaque enfant.&nbsp; Pour cela, le th\u00e9rapeute \u00e9tablit un bilan mettant en \u00e9vidence les potentialit\u00e9s, les difficult\u00e9s, les raisons de ces [&hellip;]<\/p>\n","protected":false},"author":1,"featured_media":0,"parent":0,"menu_order":0,"comment_status":"closed","ping_status":"open","template":"","meta":{"om_disable_all_campaigns":false,"_monsterinsights_skip_tracking":false,"_monsterinsights_sitenote_active":false,"_monsterinsights_sitenote_note":"","_monsterinsights_sitenote_category":0,"site-sidebar-layout":"default","site-content-layout":"","ast-site-content-layout":"default","site-content-style":"default","site-sidebar-style":"default","ast-global-header-display":"","ast-banner-title-visibility":"","ast-main-header-display":"","ast-hfb-above-header-display":"","ast-hfb-below-header-display":"","ast-hfb-mobile-header-display":"","site-post-title":"","ast-breadcrumbs-content":"","ast-featured-img":"","footer-sml-layout":"","ast-disable-related-posts":"","theme-transparent-header-meta":"","adv-header-id-meta":"","stick-header-meta":"","header-above-stick-meta":"","header-main-stick-meta":"","header-below-stick-meta":"","astra-migrate-meta-layouts":"default","ast-page-background-enabled":"default","ast-page-background-meta":{"desktop":{"background-color":"","background-image":"","background-repeat":"repeat","background-position":"center center","background-size":"auto","background-attachment":"scroll","background-type":"","background-media":"","overlay-type":"","overlay-color":"","overlay-opacity":"","overlay-gradient":""},"tablet":{"background-color":"","background-image":"","background-repeat":"repeat","background-position":"center center","background-size":"auto","background-attachment":"scroll","background-type":"","background-media":"","overlay-type":"","overlay-color":"","overlay-opacity":"","overlay-gradient":""},"mobile":{"background-color":"","background-image":"","background-repeat":"repeat","background-position":"center center","background-size":"auto","background-attachment":"scroll","background-type":"","background-media":"","overlay-type":"","overlay-color":"","overlay-opacity":"","overlay-gradient":""}},"ast-content-background-meta":{"desktop":{"background-color":"var(--ast-global-color-5)","background-image":"","background-repeat":"repeat","background-position":"center center","background-size":"auto","background-attachment":"scroll","background-type":"","background-media":"","overlay-type":"","overlay-color":"","overlay-opacity":"","overlay-gradient":""},"tablet":{"background-color":"var(--ast-global-color-5)","background-image":"","background-repeat":"repeat","background-position":"center center","background-size":"auto","background-attachment":"scroll","background-type":"","background-media":"","overlay-type":"","overlay-color":"","overlay-opacity":"","overlay-gradient":""},"mobile":{"background-color":"var(--ast-global-color-5)","background-image":"","background-repeat":"repeat","background-position":"center center","background-size":"auto","background-attachment":"scroll","background-type":"","background-media":"","overlay-type":"","overlay-color":"","overlay-opacity":"","overlay-gradient":""}},"footnotes":""},"class_list":["post-2","page","type-page","status-publish","hentry"],"jetpack_sharing_enabled":true,"_links":{"self":[{"href":"https:\/\/monorthophoniste.online\/index.php?rest_route=\/wp\/v2\/pages\/2","targetHints":{"allow":["GET"]}}],"collection":[{"href":"https:\/\/monorthophoniste.online\/index.php?rest_route=\/wp\/v2\/pages"}],"about":[{"href":"https:\/\/monorthophoniste.online\/index.php?rest_route=\/wp\/v2\/types\/page"}],"author":[{"embeddable":true,"href":"https:\/\/monorthophoniste.online\/index.php?rest_route=\/wp\/v2\/users\/1"}],"replies":[{"embeddable":true,"href":"https:\/\/monorthophoniste.online\/index.php?rest_route=%2Fwp%2Fv2%2Fcomments&post=2"}],"version-history":[{"count":1,"href":"https:\/\/monorthophoniste.online\/index.php?rest_route=\/wp\/v2\/pages\/2\/revisions"}],"predecessor-version":[{"id":1857,"href":"https:\/\/monorthophoniste.online\/index.php?rest_route=\/wp\/v2\/pages\/2\/revisions\/1857"}],"wp:attachment":[{"href":"https:\/\/monorthophoniste.online\/index.php?rest_route=%2Fwp%2Fv2%2Fmedia&parent=2"}],"curies":[{"name":"wp","href":"https:\/\/api.w.org\/{rel}","templated":true}]}}