{"id":1368,"date":"2020-09-17T07:20:30","date_gmt":"2020-09-17T07:20:30","guid":{"rendered":"https:\/\/maryamlogofoni.com\/?page_id=1368"},"modified":"2025-07-26T17:51:21","modified_gmt":"2025-07-26T17:51:21","slug":"accueil-qui-suis-je","status":"publish","type":"page","link":"https:\/\/monorthophoniste.online\/?page_id=1368","title":{"rendered":"Accueil Qui suis-je ?"},"content":{"rendered":"\n<div class=\"inherit-container-width wp-block-group alignfull has-pale-ocean-gradient-background has-background is-layout-constrained wp-block-group-is-layout-constrained\"><div class=\"wp-block-group__inner-container\">\n<h1 class=\"wp-block-heading alignwide has-ast-global-color-0-color has-text-color\" style=\"font-size:38px\">Mon histoire, ma vision<\/h1>\n\n\n\n<div class=\"inherit-container-width wp-block-group alignfull is-layout-constrained wp-block-group-is-layout-constrained\"><div class=\"wp-block-group__inner-container\">\n<div class=\"wp-block-media-text alignwide is-vertically-aligned-center is-image-fill-element is-stacked-on-mobile has-ast-global-color-6-color has-pale-ocean-gradient-background has-text-color has-background\" style=\"grid-template-columns:29% auto\"><figure class=\"wp-block-media-text__media\"><img loading=\"lazy\" decoding=\"async\" width=\"400\" height=\"300\" src=\"https:\/\/monorthophoniste.online\/wp-content\/uploads\/2022\/03\/MARYAM-LOGO-2.jpg\" alt=\"\" class=\"wp-image-1596 size-full\" style=\"object-position:10% 61%\" srcset=\"https:\/\/monorthophoniste.online\/wp-content\/uploads\/2022\/03\/MARYAM-LOGO-2.jpg 400w, https:\/\/monorthophoniste.online\/wp-content\/uploads\/2022\/03\/MARYAM-LOGO-2-300x225.jpg 300w\" sizes=\"auto, (max-width: 400px) 100vw, 400px\" \/><\/figure><div class=\"wp-block-media-text__content\">\n<p class=\"has-text-align-justify\"><mark style=\"background-color:rgba(0, 0, 0, 0)\" class=\"has-inline-color has-ast-global-color-2-color\">Orthophoniste, dipl\u00f4m\u00e9e de la facult\u00e9 Complutense de Madrid en 2003. Mes \u00e9tudes termin\u00e9es, j&rsquo;ai r\u00e9alis\u00e9 une formation d&rsquo;une ann\u00e9e au centre Leo Kanner, sp\u00e9cialis\u00e9 dans l&rsquo;accompagnement et la scolarisation des enfants TSA. J&rsquo;ai ensuite travaill\u00e9 au sein de cabinets lib\u00e9raux pluridisciplinaires. Cela fait maintenant 18 ans que j&rsquo;exerce aupr\u00e8s d\u00b4une population bilingue (espagnol\/ fran\u00e7ais). Je propose la r\u00e9\u00e9ducation de diverses pathologies : langage oral, langage \u00e9crit, autisme, troubles de d\u00e9glutition..,<br>Je suis \u00e0 votre disposition si vous avez besoin d\u00b4une prise en charge orthophonique ou de guidance parentale !<\/mark><\/p>\n\n\n\n<p class=\"has-text-align-justify\"><mark style=\"background-color:rgba(0, 0, 0, 0)\" class=\"has-inline-color has-ast-global-color-6-color\">J\u2019ai choisi d&rsquo;aborder les difficult\u00e9s cognitives par le mouvement en me formant \u00e0 la m\u00e9thode \u00a0\u00bb Rythmic Movement Training\u00a0\u00bb (RMT) du Dr Bloomberg. La compl\u00e9mentarit\u00e9 et la richesse de cette m\u00e9thode me permet d\u2019accompagner les enfants de mani\u00e8re efficace et de les mener vers un mieux \u00eatre.<\/mark> <mark style=\"background-color:rgba(0, 0, 0, 0)\" class=\"has-inline-color has-ast-global-color-6-color\">Ma formation d&rsquo;art-th\u00e9rapeute viendra enrichir encore plus mon approche th\u00e9rapeutique a vis\u00e9e humaine.<\/mark><a href=\"https:\/\/dismed.fr\/orthophonie\/praticien\/maryam-amraoui\/#\"><\/a><\/p>\n\n\n\n<p class=\"has-ast-global-color-6-color has-text-color\">Je crois profond\u00e9ment en l&rsquo;importance d&rsquo;une collaboration \u00e9troite avec les parents et les autres professionnels entourant l&rsquo;enfant, afin d&rsquo;assurer une continuit\u00e9 des objectifs th\u00e9rapeutiques \u00e0 la maison et \u00e1 l&rsquo;\u00e9cole.<\/p>\n\n\n\n<p class=\"has-ast-global-color-6-color has-text-color\">En tant que maman de deux enfants, j&rsquo;ai d\u00e9velopp\u00e9 une sensibilit\u00e9 particuli\u00e8re pour entrer avec les tout-peutits, Je suis convaincue que l&rsquo;implication de la famille et de l&rsquo;entourage joue un r\u00f4le essentiel dans le d\u00e9veloppement et les progr\u00e8s de l&rsquo;enfant. <\/p>\n<\/div><\/div>\n<\/div><\/div>\n<\/div><\/div>\n\n\n\n<div class=\"wp-block-columns is-layout-flex wp-container-core-columns-is-layout-1 wp-block-columns-is-layout-flex\">\n<div class=\"wp-block-column is-layout-flow wp-block-column-is-layout-flow\">\n<h2 class=\"wp-block-heading has-text-align-center\">20 ans<\/h2>\n\n\n\n<h4 class=\"wp-block-heading has-text-align-center\">Un parcours riche d\u2019exp\u00e9riences humaines<\/h4>\n\n\n\n<figure class=\"wp-block-image aligncenter size-full\"><img loading=\"lazy\" decoding=\"async\" width=\"60\" height=\"68\" src=\"https:\/\/monorthophoniste.online\/wp-content\/uploads\/2019\/05\/life-coach-flower-logo.png\" alt=\"\" class=\"wp-image-718\" srcset=\"https:\/\/monorthophoniste.online\/wp-content\/uploads\/2019\/05\/life-coach-flower-logo.png 60w, https:\/\/monorthophoniste.online\/wp-content\/uploads\/2019\/05\/life-coach-flower-logo-55x62.png 55w\" sizes=\"auto, (max-width: 60px) 100vw, 60px\" \/><\/figure>\n<\/div>\n\n\n\n<div class=\"wp-block-column is-layout-flow wp-block-column-is-layout-flow\">\n<h2 class=\"wp-block-heading has-text-align-center\">26 ans<\/h2>\n\n\n\n<h4 class=\"wp-block-heading has-text-align-center\">D\u2019expatriation au c\u0153ur de mon parcours<\/h4>\n\n\n\n<figure class=\"wp-block-image aligncenter size-full is-resized\"><img loading=\"lazy\" decoding=\"async\" width=\"60\" height=\"68\" src=\"https:\/\/monorthophoniste.online\/wp-content\/uploads\/2019\/05\/life-coach-flower-logo.png\" alt=\"\" class=\"wp-image-718\" style=\"width:60px;height:68px\" srcset=\"https:\/\/monorthophoniste.online\/wp-content\/uploads\/2019\/05\/life-coach-flower-logo.png 60w, https:\/\/monorthophoniste.online\/wp-content\/uploads\/2019\/05\/life-coach-flower-logo-55x62.png 55w\" sizes=\"auto, (max-width: 60px) 100vw, 60px\" \/><\/figure>\n<\/div>\n\n\n\n<div class=\"wp-block-column is-layout-flow wp-block-column-is-layout-flow\">\n<h2 class=\"wp-block-heading has-text-align-center\">2 Langues<\/h2>\n\n\n\n<h4 class=\"wp-block-heading has-text-align-center\">Bilingues: Fran\u00e7ais\/ Espagnol <\/h4>\n\n\n\n<figure class=\"wp-block-image aligncenter size-full\"><img loading=\"lazy\" decoding=\"async\" width=\"60\" height=\"68\" src=\"https:\/\/monorthophoniste.online\/wp-content\/uploads\/2019\/05\/life-coach-flower-logo.png\" alt=\"\" class=\"wp-image-718\" srcset=\"https:\/\/monorthophoniste.online\/wp-content\/uploads\/2019\/05\/life-coach-flower-logo.png 60w, https:\/\/monorthophoniste.online\/wp-content\/uploads\/2019\/05\/life-coach-flower-logo-55x62.png 55w\" sizes=\"auto, (max-width: 60px) 100vw, 60px\" \/><\/figure>\n<\/div>\n<\/div>\n\n\n\n<p><\/p>\n","protected":false},"excerpt":{"rendered":"<p>Mon histoire, ma vision Orthophoniste, dipl\u00f4m\u00e9e de la facult\u00e9 Complutense de Madrid en 2003. Mes \u00e9tudes termin\u00e9es, j&rsquo;ai r\u00e9alis\u00e9 une formation d&rsquo;une ann\u00e9e au centre Leo Kanner, sp\u00e9cialis\u00e9 dans l&rsquo;accompagnement et la scolarisation des enfants TSA. J&rsquo;ai ensuite travaill\u00e9 au sein de cabinets lib\u00e9raux pluridisciplinaires. Cela fait maintenant 18 ans que j&rsquo;exerce aupr\u00e8s d\u00b4une population [&hellip;]<\/p>\n","protected":false},"author":1,"featured_media":0,"parent":0,"menu_order":0,"comment_status":"closed","ping_status":"closed","template":"","meta":{"om_disable_all_campaigns":false,"_monsterinsights_skip_tracking":false,"_monsterinsights_sitenote_active":false,"_monsterinsights_sitenote_note":"","_monsterinsights_sitenote_category":0,"site-sidebar-layout":"no-sidebar","site-content-layout":"plain-container","ast-site-content-layout":"normal-width-container","site-content-style":"unboxed","site-sidebar-style":"unboxed","ast-global-header-display":"","ast-banner-title-visibility":"","ast-main-header-display":"","ast-hfb-above-header-display":"","ast-hfb-below-header-display":"","ast-hfb-mobile-header-display":"","site-post-title":"disabled","ast-breadcrumbs-content":"","ast-featured-img":"disabled","footer-sml-layout":"","ast-disable-related-posts":"","theme-transparent-header-meta":"default","adv-header-id-meta":"","stick-header-meta":"","header-above-stick-meta":"","header-main-stick-meta":"","header-below-stick-meta":"","astra-migrate-meta-layouts":"set","ast-page-background-enabled":"default","ast-page-background-meta":{"desktop":{"background-color":"","background-image":"","background-repeat":"repeat","background-position":"center center","background-size":"auto","background-attachment":"scroll","background-type":"","background-media":"","overlay-type":"","overlay-color":"","overlay-opacity":"","overlay-gradient":""},"tablet":{"background-color":"","background-image":"","background-repeat":"repeat","background-position":"center center","background-size":"auto","background-attachment":"scroll","background-type":"","background-media":"","overlay-type":"","overlay-color":"","overlay-opacity":"","overlay-gradient":""},"mobile":{"background-color":"","background-image":"","background-repeat":"repeat","background-position":"center center","background-size":"auto","background-attachment":"scroll","background-type":"","background-media":"","overlay-type":"","overlay-color":"","overlay-opacity":"","overlay-gradient":""}},"ast-content-background-meta":{"desktop":{"background-color":"var(--ast-global-color-5)","background-image":"","background-repeat":"repeat","background-position":"center center","background-size":"auto","background-attachment":"scroll","background-type":"","background-media":"","overlay-type":"","overlay-color":"","overlay-opacity":"","overlay-gradient":""},"tablet":{"background-color":"var(--ast-global-color-5)","background-image":"","background-repeat":"repeat","background-position":"center center","background-size":"auto","background-attachment":"scroll","background-type":"","background-media":"","overlay-type":"","overlay-color":"","overlay-opacity":"","overlay-gradient":""},"mobile":{"background-color":"var(--ast-global-color-5)","background-image":"","background-repeat":"repeat","background-position":"center center","background-size":"auto","background-attachment":"scroll","background-type":"","background-media":"","overlay-type":"","overlay-color":"","overlay-opacity":"","overlay-gradient":""}},"footnotes":""},"class_list":["post-1368","page","type-page","status-publish","hentry"],"jetpack_sharing_enabled":true,"_links":{"self":[{"href":"https:\/\/monorthophoniste.online\/index.php?rest_route=\/wp\/v2\/pages\/1368","targetHints":{"allow":["GET"]}}],"collection":[{"href":"https:\/\/monorthophoniste.online\/index.php?rest_route=\/wp\/v2\/pages"}],"about":[{"href":"https:\/\/monorthophoniste.online\/index.php?rest_route=\/wp\/v2\/types\/page"}],"author":[{"embeddable":true,"href":"https:\/\/monorthophoniste.online\/index.php?rest_route=\/wp\/v2\/users\/1"}],"replies":[{"embeddable":true,"href":"https:\/\/monorthophoniste.online\/index.php?rest_route=%2Fwp%2Fv2%2Fcomments&post=1368"}],"version-history":[{"count":11,"href":"https:\/\/monorthophoniste.online\/index.php?rest_route=\/wp\/v2\/pages\/1368\/revisions"}],"predecessor-version":[{"id":2982,"href":"https:\/\/monorthophoniste.online\/index.php?rest_route=\/wp\/v2\/pages\/1368\/revisions\/2982"}],"wp:attachment":[{"href":"https:\/\/monorthophoniste.online\/index.php?rest_route=%2Fwp%2Fv2%2Fmedia&parent=1368"}],"curies":[{"name":"wp","href":"https:\/\/api.w.org\/{rel}","templated":true}]}}